[INFO] fetching crate solana_libra_stdlib 0.0.1-sol5...
[INFO] checking solana_libra_stdlib-0.0.1-sol5 against master#af3c6e733a40e671550e0f0f5aeecaa13772ba56 for pr-74989
[INFO] extracting crate solana_libra_stdlib 0.0.1-sol5 into /workspace/builds/worker-4/source
[INFO] validating manifest of crates.io crate solana_libra_stdlib 0.0.1-sol5 on toolchain af3c6e733a40e671550e0f0f5aeecaa13772ba56
[INFO] running `Command { std: "/workspace/cargo-home/bin/cargo" "+af3c6e733a40e671550e0f0f5aeecaa13772ba56" "read-manifest" "--manifest-path" "Cargo.toml", kill_on_drop: false }`
[INFO] started tweaking crates.io crate solana_libra_stdlib 0.0.1-sol5
[INFO] finished tweaking crates.io crate solana_libra_stdlib 0.0.1-sol5
[INFO] tweaked toml for crates.io crate solana_libra_stdlib 0.0.1-sol5 written to /workspace/builds/worker-4/source/Cargo.toml
[INFO] running `Command { std: "/workspace/cargo-home/bin/cargo" "+af3c6e733a40e671550e0f0f5aeecaa13772ba56" "generate-lockfile" "--manifest-path" "Cargo.toml" "-Zno-index-update", kill_on_drop: false }`
[INFO] running `Command { std: "/workspace/cargo-home/bin/cargo" "+af3c6e733a40e671550e0f0f5aeecaa13772ba56" "fetch" "--locked" "--manifest-path" "Cargo.toml", kill_on_drop: false }`
[INFO] running `Command { std: "docker" "create" "-v" "/var/lib/crater-agent-workspace/builds/worker-4/target:/opt/rustwide/target:rw,Z" "-v" "/var/lib/crater-agent-workspace/builds/worker-4/source:/opt/rustwide/workdir:ro,Z" "-v" "/var/lib/crater-agent-workspace/cargo-home:/opt/rustwide/cargo-home:ro,Z" "-v" "/var/lib/crater-agent-workspace/rustup-home:/opt/rustwide/rustup-home:ro,Z" "-e" "SOURCE_DIR=/opt/rustwide/workdir" "-e" "CARGO_TARGET_DIR=/opt/rustwide/target" "-e" "CARGO_HOME=/opt/rustwide/cargo-home" "-e" "RUSTUP_HOME=/opt/rustwide/rustup-home" "-w" "/opt/rustwide/workdir" "-m" "1610612736" "--user" "0:0" "--network" "none" "rustops/crates-build-env@sha256:d92eaeed33fa75130ca1ee6c8a01d1ffb62bac859dfdfb3450e3e5d1c0146529" "/opt/rustwide/cargo-home/bin/cargo" "+af3c6e733a40e671550e0f0f5aeecaa13772ba56" "metadata" "--no-deps" "--format-version=1", kill_on_drop: false }`
[INFO] [stdout] b421734101dff1a733795d6c712772bdff4d94a908b7f90ae1b37fc5ddf3eb4a
[INFO] [stderr] WARNING: Your kernel does not support swap limit capabilities or the cgroup is not mounted. Memory limited without swap.
[INFO] running `Command { std: "docker" "start" "-a" "b421734101dff1a733795d6c712772bdff4d94a908b7f90ae1b37fc5ddf3eb4a", kill_on_drop: false }`
[INFO] running `Command { std: "docker" "inspect" "b421734101dff1a733795d6c712772bdff4d94a908b7f90ae1b37fc5ddf3eb4a", kill_on_drop: false }`
[INFO] running `Command { std: "docker" "rm" "-f" "b421734101dff1a733795d6c712772bdff4d94a908b7f90ae1b37fc5ddf3eb4a", kill_on_drop: false }`
[INFO] [stdout] b421734101dff1a733795d6c712772bdff4d94a908b7f90ae1b37fc5ddf3eb4a
[INFO] running `Command { std: "docker" "create" "-v" "/var/lib/crater-agent-workspace/builds/worker-4/target:/opt/rustwide/target:rw,Z" "-v" "/var/lib/crater-agent-workspace/builds/worker-4/source:/opt/rustwide/workdir:ro,Z" "-v" "/var/lib/crater-agent-workspace/cargo-home:/opt/rustwide/cargo-home:ro,Z" "-v" "/var/lib/crater-agent-workspace/rustup-home:/opt/rustwide/rustup-home:ro,Z" "-e" "SOURCE_DIR=/opt/rustwide/workdir" "-e" "CARGO_TARGET_DIR=/opt/rustwide/target" "-e" "CARGO_INCREMENTAL=0" "-e" "RUST_BACKTRACE=full" "-e" "RUSTFLAGS=--cap-lints=forbid" "-e" "CARGO_HOME=/opt/rustwide/cargo-home" "-e" "RUSTUP_HOME=/opt/rustwide/rustup-home" "-w" "/opt/rustwide/workdir" "-m" "1610612736" "--user" "0:0" "--network" "none" "rustops/crates-build-env@sha256:d92eaeed33fa75130ca1ee6c8a01d1ffb62bac859dfdfb3450e3e5d1c0146529" "/opt/rustwide/cargo-home/bin/cargo" "+af3c6e733a40e671550e0f0f5aeecaa13772ba56" "check" "--frozen" "--all" "--all-targets" "--message-format=json", kill_on_drop: false }`
[INFO] [stderr] WARNING: Your kernel does not support swap limit capabilities or the cgroup is not mounted. Memory limited without swap.
[INFO] [stdout] 785a1d1389d0f3040cb0d2e769764d6f0fb993f30516ec042edd6c90a620bdee
[INFO] running `Command { std: "docker" "start" "-a" "785a1d1389d0f3040cb0d2e769764d6f0fb993f30516ec042edd6c90a620bdee", kill_on_drop: false }`
[INFO] [stderr]    Compiling ordermap v0.3.5
[INFO] [stderr]    Compiling siphasher v0.2.3
[INFO] [stderr]    Compiling string_cache_shared v0.3.0
[INFO] [stderr]    Compiling byte-tools v0.3.1
[INFO] [stderr]    Compiling new_debug_unreachable v1.0.4
[INFO] [stderr]    Compiling bit-vec v0.6.2
[INFO] [stderr]    Compiling opaque-debug v0.2.3
[INFO] [stderr]    Compiling fake-simd v0.1.2
[INFO] [stderr]    Compiling precomputed-hash v0.1.1
[INFO] [stderr]    Compiling strsim v0.9.3
[INFO] [stderr]    Compiling diff v0.1.12
[INFO] [stderr]    Compiling lalrpop-util v0.17.2
[INFO] [stderr]     Checking termcolor v1.1.0
[INFO] [stderr]     Checking fixedbitset v0.1.9
[INFO] [stderr]    Compiling rand_jitter v0.1.4
[INFO] [stderr]    Compiling block-padding v0.1.5
[INFO] [stderr]    Compiling rand_xorshift v0.1.1
[INFO] [stderr]    Compiling rand_hc v0.1.0
[INFO] [stderr]    Compiling rand_isaac v0.1.1
[INFO] [stderr]    Compiling memchr v2.3.3
[INFO] [stderr]    Compiling rand_os v0.1.3
[INFO] [stderr]    Compiling dirs v1.0.5
[INFO] [stderr]    Compiling atty v0.2.14
[INFO] [stderr]    Compiling rand_chacha v0.1.1
[INFO] [stderr]    Compiling phf_shared v0.7.24
[INFO] [stderr]    Compiling ena v0.13.1
[INFO] [stderr]    Compiling rand_pcg v0.1.2
[INFO] [stderr]    Compiling bit-set v0.5.2
[INFO] [stderr]    Compiling term v0.5.2
[INFO] [stderr]    Compiling block-buffer v0.7.3
[INFO] [stderr]    Compiling rand v0.6.5
[INFO] [stderr]     Checking petgraph v0.4.13
[INFO] [stderr]    Compiling aho-corasick v0.7.13
[INFO] [stderr]     Checking codespan v0.2.1
[INFO] [stderr]     Checking solana_libra_crypto v0.0.1-sol5
[INFO] [stderr]    Compiling sha2 v0.8.2
[INFO] [stderr]    Compiling ascii-canvas v2.0.0
[INFO] [stderr]     Checking codespan-reporting v0.2.1
[INFO] [stdout] error[E0599]: no function or associated item named `from_bytes` found for struct `ed25519_dalek::Signature` in the current scope
[INFO] [stdout]    --> /opt/rustwide/cargo-home/registry/src/github.com-1ecc6299db9ec823/solana_libra_crypto-0.0.1-sol5/src/ed25519.rs:113:41
[INFO] [stdout]     |
[INFO] [stdout] 113 |         match ed25519_dalek::Signature::from_bytes(bytes) {
[INFO] [stdout]     |                                         ^^^^^^^^^^
[INFO] [stdout]     |                                         |
[INFO] [stdout]     |                                         function or associated item not found in `ed25519_dalek::Signature`
[INFO] [stdout]     |                                         help: there is an associated function with a similar name: `to_bytes`
[INFO] [stdout]     |
[INFO] [stdout]     = help: items from traits can only be used if the trait is in scope
[INFO] [stdout]     = note: the following trait is implemented but not in scope; perhaps add a `use` for it:
[INFO] [stdout]             `use ed25519_dalek::ed25519::signature::Signature;`
[INFO] [stdout] 
[INFO] [stdout] 
[INFO] [stdout] error[E0599]: no method named `verify` found for struct `ed25519_dalek::PublicKey` in the current scope
[INFO] [stdout]    --> /opt/rustwide/cargo-home/registry/src/github.com-1ecc6299db9ec823/solana_libra_crypto-0.0.1-sol5/src/ed25519.rs:322:14
[INFO] [stdout]     |
[INFO] [stdout] 322 |             .verify(message, &self.0)
[INFO] [stdout]     |              ^^^^^^ method not found in `ed25519_dalek::PublicKey`
[INFO] [stdout]     |
[INFO] [stdout]     = help: items from traits can only be used if the trait is in scope
[INFO] [stdout]     = note: the following trait is implemented but not in scope; perhaps add a `use` for it:
[INFO] [stdout]             `use ed25519_dalek::Verifier;`
[INFO] [stdout] 
[INFO] [stdout] 
[INFO] [stdout] error[E0599]: no method named `result` found for struct `ed25519_dalek::Sha512` in the current scope
[INFO] [stdout]    --> /opt/rustwide/cargo-home/registry/src/github.com-1ecc6299db9ec823/solana_libra_crypto-0.0.1-sol5/src/vrf/ecvrf.rs:197:22
[INFO] [stdout]     |
[INFO] [stdout] 197 |                     .result()[..32],
[INFO] [stdout]     |                      ^^^^^^ method not found in `ed25519_dalek::Sha512`
[INFO] [stdout] 
[INFO] [stdout] 
[INFO] [stdout] error[E0599]: no method named `input` found for struct `ed25519_dalek::Sha512` in the current scope
[INFO] [stdout]    --> /opt/rustwide/cargo-home/registry/src/github.com-1ecc6299db9ec823/solana_libra_crypto-0.0.1-sol5/src/vrf/ecvrf.rs:222:11
[INFO] [stdout]     |
[INFO] [stdout] 222 |         h.input(private_key.to_bytes());
[INFO] [stdout]     |           ^^^^^ method not found in `ed25519_dalek::Sha512`
[INFO] [stdout] 
[INFO] [stdout] 
[INFO] [stdout] error[E0599]: no method named `result` found for struct `ed25519_dalek::Sha512` in the current scope
[INFO] [stdout]    --> /opt/rustwide/cargo-home/registry/src/github.com-1ecc6299db9ec823/solana_libra_crypto-0.0.1-sol5/src/vrf/ecvrf.rs:223:32
[INFO] [stdout]     |
[INFO] [stdout] 223 |         hash.copy_from_slice(h.result().as_slice());
[INFO] [stdout]     |                                ^^^^^^ method not found in `ed25519_dalek::Sha512`
[INFO] [stdout] 
[INFO] [stdout] 
[INFO] [stdout] error[E0599]: no method named `result` found for struct `ed25519_dalek::Sha512` in the current scope
[INFO] [stdout]    --> /opt/rustwide/cargo-home/registry/src/github.com-1ecc6299db9ec823/solana_libra_crypto-0.0.1-sol5/src/vrf/ecvrf.rs:298:18
[INFO] [stdout]     |
[INFO] [stdout] 298 |                 .result()[..],
[INFO] [stdout]     |                  ^^^^^^ method not found in `ed25519_dalek::Sha512`
[INFO] [stdout] 
[INFO] [stdout] 
[INFO] [stdout] error[E0599]: no method named `result` found for struct `ed25519_dalek::Sha512` in the current scope
[INFO] [stdout]    --> /opt/rustwide/cargo-home/registry/src/github.com-1ecc6299db9ec823/solana_libra_crypto-0.0.1-sol5/src/vrf/ecvrf.rs:310:14
[INFO] [stdout]     |
[INFO] [stdout] 310 |             .result()[..],
[INFO] [stdout]     |              ^^^^^^ method not found in `ed25519_dalek::Sha512`
[INFO] [stdout] 
[INFO] [stdout] 
[INFO] [stdout] error[E0599]: no method named `result` found for struct `ed25519_dalek::Sha512` in the current scope
[INFO] [stdout]    --> /opt/rustwide/cargo-home/registry/src/github.com-1ecc6299db9ec823/solana_libra_crypto-0.0.1-sol5/src/vrf/ecvrf.rs:321:40
[INFO] [stdout]     |
[INFO] [stdout] 321 |     result[..16].copy_from_slice(&hash.result()[..16]);
[INFO] [stdout]     |                                        ^^^^^^ method not found in `ed25519_dalek::Sha512`
[INFO] [stdout] 
[INFO] [stdout] 
[INFO] [stdout] error: aborting due to 8 previous errors
[INFO] [stdout] 
[INFO] [stdout] 
[INFO] [stdout] For more information about this error, try `rustc --explain E0599`.
[INFO] [stdout] 
[INFO] [stderr] error: could not compile `solana_libra_crypto`.
[INFO] [stderr] 
[INFO] [stderr] To learn more, run the command again with --verbose.
[INFO] [stderr] warning: build failed, waiting for other jobs to finish...
[INFO] [stderr] error: build failed
[INFO] running `Command { std: "docker" "inspect" "785a1d1389d0f3040cb0d2e769764d6f0fb993f30516ec042edd6c90a620bdee", kill_on_drop: false }`
[INFO] running `Command { std: "docker" "rm" "-f" "785a1d1389d0f3040cb0d2e769764d6f0fb993f30516ec042edd6c90a620bdee", kill_on_drop: false }`
[INFO] [stdout] 785a1d1389d0f3040cb0d2e769764d6f0fb993f30516ec042edd6c90a620bdee
